ghest common divisor of 5785 and 65.
65
Calculate the highest common divisor of 164 and 16.
4
What is the greatest common factor of 145 and 30?
5
Calculate the greatest common divisor of 55 and 45.
5
Calculate the highest common factor of 34655 and 145.
145
Calculate the greatest common divisor of 352 and 1144.
88
Calculate the highest common divisor of 508 and 4.
4
What is the highest common factor of 1350 and 108?
54
Calculate the greatest common factor of 154 and 704.
22
Calculate the greatest common factor of 11 and 88.
11
Calculate the highest common factor of 29 and 87.
29
Calculate the highest common factor of 108 and 60.
12
Calculate the highest common divisor of 21 and 105.
21
Calculate the greatest common divisor of 90 and 165.
15
Calculate the greatest common divisor of 340 and 60.
20
Calculate the greatest common divisor of 15 and 150.
15
What is the highest common factor of 325 and 26?
13
Calculate the highest common factor of 1065 and 45.
15
Calculate the highest common factor of 3731 and 574.
287
Calculate the highest common factor of 5063 and 332.
83
Calculate the greatest common divisor of 35 and 7.
7
Calculate the highest common divisor of 65 and 650.
65
Calculate the highest common factor of 145 and 20.
5
Calculate the greatest common divisor of 340 and 3655.
85
Calculate the highest common divisor of 187 and 176.
11
What is the highest common factor of 12 and 150?
6
Calculate the greatest common divisor of 3622 and 4.
2
Calculate the greatest common factor of 5865 and 2760.
345
Calculate the greatest common factor of 14 and 6.
2
Calculate the greatest common divisor of 26 and 2418.
26
Calculate the highest common factor of 39 and 105.
3
Calculate the highest common divisor of 13 and 3926.
13
Calculate the highest common factor of 645 and 1032.
129
What is the greatest common divisor of 4554 and 690?
138
What is the highest common factor of 116 and 8?
4
Calculate the greatest common factor of 136 and 34.
34
Calculate the greatest common factor of 175 and 14.
7
What is the highest common factor of 11 and 44?
11
Calculate the greatest common divisor of 84 and 224.
28
Calculate the highest common factor of 39 and 30.
3
What is the greatest common factor of 6 and 96?
6
Calculate the highest common divisor of 539 and 253.
11
What is the highest common factor of 37 and 22829?
37
Calculate the highest common divisor of 30 and 5160.
30
Calculate the greatest common divisor of 48 and 1376.
16
Calculate the greatest common factor of 729 and 27.
27
What is the greatest common factor of 66 and 141?
3
Calculate the greatest common factor of 32 and 388.
4
What is the highest common factor of 867 and 3264?
51
What is the greatest common factor of 753 and 6?
3
Calculate the highest common factor of 2 and 2614.
2
What is the highest common factor of 14 and 3129?
7
What is the greatest common divisor of 3658 and 62?
62
Calculate the highest common divisor of 56 and 16.
8
Calculate the greatest common divisor of 128 and 1184.
32
What is the greatest common factor of 147 and 343?
49
What is the greatest common factor of 1279 and 1?
1
What is the highest common factor of 430 and 344?
86
Calculate the highest common divisor of 8905 and 65.
65
What is the highest common factor of 515 and 10?
5
Calculate the greatest common factor of 8 and 38.
2
What is the highest common divisor of 990 and 385?
55
Calculate the highest common factor of 177 and 6.
3
Calculate the greatest common divisor of 592 and 666.
74
Calculate the greatest common divisor of 228 and 30.
6
Calculate the greatest common divisor of 3234 and 22.
22
Calculate the greatest common factor of 82 and 41.
41
What is the greatest common factor of 3029 and 52?
13
What is the greatest common factor of 10 and 490?
10
What is the greatest common factor of 2875 and 3875?
125
What is the greatest common divisor of 945 and 105?
105
What is the highest common factor of 143 and 52?
13
Calculate the highest common factor of 5 and 125.
5
What is the greatest common divisor of 928 and 145?
29
What is the greatest common factor of 17 and 3332?
17
Calculate the greatest common divisor of 1104 and 108.
12
Calculate the greatest common factor of 2142 and 42.
42
What is the greatest common divisor of 6720 and 8?
8
What is the greatest common divisor of 46 and 782?
46
Calculate the greatest common factor of 121 and 11.
11
Calculate the greatest common factor of 110 and 3410.
110
What is the highest common factor of 184 and 828?
92
What is the highest common factor of 303 and 47571?
303
What is the greatest common divisor of 147 and 105?
21
Calculate the greatest common factor of 8 and 36.
4
Calculate the greatest common divisor of 703 and 988.
19
Calculate the highest common factor of 1330 and 10.
10
Calculate the greatest common divisor of 296 and 37.
37
Calculate the highest common factor of 170 and 272.
34
What is the greatest common factor of 391 and 68?
17
What is the highest common factor of 639 and 42?
3
What is the highest common factor of 8 and 352?
8
What is the highest common factor of 1664 and 128?
128
Calculate the greatest common factor of 32 and 116.
4
Calculate the highest common factor of 126 and 2862.
18
Calculate the highest common factor of 14 and 448.
14
Calculate the highest common divisor of 987 and 17625.
141
Calculate the highest common factor of 6 and 258.
6
Calculate the greatest common divisor of 510 and 170.
170
Calculate the highest common divisor of 320 and 56.
8
What is the highest common divisor of 91 and 2561?
13
What is the greatest common factor of 385 and 105?
35
Calculate the highest common factor of 5 and 173.
1
Calculate the greatest common divisor of 84 and 5964.
84
What is the highest common divisor of 10384 and 11?
11
Calculate the highest common divisor of 1013 and 1.
1
What is the highest common divisor of 20631 and 39?
39
What is the highest common factor of 6 and 16?
2
What is the greatest common divisor of 99 and 1152?
9
What is the greatest common factor of 2655 and 354?
177
What is the greatest common divisor of 184 and 24?
8
Calculate the highest common factor of 55 and 20.
5
Calculate the greatest common divisor of 228 and 48.
12
What is the highest common factor of 299 and 39?
13
Calculate the highest common divisor of 948 and 108.
12
What is the greatest common factor of 72 and 45?
9
Calculate the greatest common divisor of 1794 and 26.
26
What is the greatest common divisor of 365 and 11534?
73
Calculate the greatest common divisor of 493 and 29.
29
What is the highest common factor of 1159 and 38?
19
What is the highest common factor of 5 and 17?
1
What is the highest common factor of 198 and 279?
9
What is the greatest common factor of 60 and 1660?
20
Calculate the greatest common factor of 496 and 3100.
124
What is the greatest common divisor of 800 and 32?
32
Calculate the highest common divisor of 1936 and 24.
8
Calculate the greatest common factor of 25 and 5200.
25
What is the highest common factor of 16 and 32?
16
Calculate the highest common divisor of 1016 and 8.
8
What is the greatest common divisor of 667 and 23?
23
Calculate the greatest common factor of 2622 and 114.
114
Calculate the greatest common divisor of 14752 and 64.
32
Calculate the highest common factor of 309 and 515.
103
Calculate the greatest common divisor of 148 and 296.
148
Calculate the highest common divisor of 125 and 3125.
125
What is the greatest common divisor of 329 and 7?
7
Calculate the highest common factor of 8 and 20.
4
What is the highest common divisor of 1155 and 42?
21
What is the highest common factor of 711 and 1343?
79
What is the greatest common factor of 2914 and 310?
62
What is the highest common divisor of 496 and 16?
16
Calculate the greatest common factor of 11 and 2189.
11
What is the highest common divisor of 1921 and 113?
113
Calculate the highest common divisor of 159 and 3.
3
What is the greatest common divisor of 40 and 72?
8
Calculate the highest common factor of 71 and 2059.
71
What is the highest common factor of 345 and 15?
15
What is the highest common divisor of 22020 and 12?
12
Calculate the greatest common divisor of 791 and 1921.
113
What is the highest common divisor of 1449 and 168?
21
Calculate the greatest common factor of 38